pose -6 = -j - 5*b, 0 = b - a - 0. Suppose 0 = 3*h - 1 - 2. Calculate the greatest common divisor of j and h.
1
Let d(q) = 115*q - 3. Let s be d(1). Let f be 13 + -4 + (-15)/(-5). Suppose f = -4*b - 8, -h + 26 = -2*b. Calculate the greatest common factor of h and s.
16
Let s = -1 - 44. Let v = -21 - s. What is the greatest common divisor of 96 and v?
24
Let h(k) = -4*k**3 - 2*k**2 + 2. Let z be h(-2). Let q be 3*(-130)/6*16/(-10). What is the highest common divisor of q and z?
26
Let j = -83 - -159. Suppose -17 = -2*i + 21. Calculate the highest common factor of j and i.
19
Let p be (6/4)/((-99)/(-1320)). What is the highest common factor of 540 and p?
20
Let y(c) = -7*c - 6. Let n be y(-2). Suppose n*i + 87 = 4*k + 3*i, 2*k = -5*i + 81. What is the highest common factor of k and 42?
14
Suppose 19*p - 10*p - 5490 = 0. Calculate the greatest common factor of 10 and p.
10
Let k = -3 - -5. Suppose -4*m + 2*c + k*c + 36 = 0, -3*m = -5*c - 27. Let j(w) = 2*w**2 - 6*w - 2. Let x be j(5). What is the highest common divisor of x and m?
9
Let r(n) = n**3 + 22*n**2 + 17*n - 9. Let c be r(-21). Suppose j - c = -i, 3*i - 244 + 16 = -4*j. What is the highest common factor of i and 8?
8
Let z(o) = 100*o**3 + 6*o**2 - 3*o - 2. Let h be z(2). What is the greatest common factor of h and 51?
51
Let p = -17 - -50. Suppose 151 + 80 = -3*b. Let c be (1/(-1))/(-4 + (-301)/b). Calculate the greatest common factor of p and c.
11
Let z(x) = -2*x**3 + 49*x**2 - 16*x + 83. Let o be z(24). Suppose -4*v = -59 - 41. Calculate the highest common divisor of v and o.
25
Let d = -324 - -394. Calculate the greatest common divisor of d and 56.
14
Let l be 5/40 - (-957)/24. Calculate the greatest common divisor of l and 430.
10
Let l(p) = p + 1. Let s be l(3). Suppose -5*h + 3 - 8 = -5*z, s*z = 16. Suppose -344 = -h*d - 14. What is the highest common divisor of 10 and d?
10
Let k(v) = 13*v**2 - 1. Let h be k(1). Let m be (-54)/h*(-4)/6. Suppose 0*j = 5*j + m*d - 656, 121 = j + 4*d. Calculate the greatest common divisor of 19 and j.
19
Suppose -52 = -m + 3*s, -52 = -2*m - 3*s + 61. Calculate the highest common factor of m and 880.
55
Let i be 22/3 + (-12)/(-18). Let w be (-596)/(-20) - -3 - (-84)/(-105). What is the greatest common divisor of i and w?
8
Let h be 33/(-7) + (-26)/91. Let c be (84/20 + h)/(2/(-20)). What is the highest common factor of 64 and c?
8
Suppose 0 = 21*v + 22*v - 731. What is the greatest common factor of 19 and v?
1
Suppose 0 = 5*w - g + 5 + 8, 3*g - 11 = w. Let q be w - -16 - (1 + 4). Let x be 35/2 - 1/(-2). Calculate the highest common factor of x and q.
9
Suppose -37 = -3*d - 13. Let t(z) = -z**3 + 10*z**2 - 4*z - 9. Let m be t(6). Let c = m + -109. Calculate the greatest common factor of d and c.
2
Let b be -4*1 - (-47 + 0). Let i(v) = -v**2 + 32*v + 43. Let j be i(32). What is the highest common factor of b and j?
43
Let l(w) = -7*w + 7. Let c be l(7). Let s = c - -76. Let f = -15 - -100. Calculate the greatest common divisor of f and s.
17
Let l(j) = 7*j + 1. Let c be l(2). Suppose -7*v + 6*v = -12. Suppose 221 = 4*i + i + r, -3*r = v. What is the greatest common divisor of i and c?
15
Suppose -207*f = -194*f - 14196. What is the highest common divisor of 252 and f?
84
Let c = 74 - -2. Let p = -60 + c. Let m be 9/6 - 1/(-2). Calculate the highest common divisor of m and p.
2
Let l be -4 + 72/(6 + 2) + 219. What is the greatest common factor of 64 and l?
32
Let b be -3*(-12)/(-5)*-5. Let c be (-2 + -99)/(-1) + 0. Let t = c - b. What is the greatest common divisor of t and 26?
13
Let u(y) = -36*y - 356. Let c be u(-10). Suppose -8 - 10 = -3*d. Calculate the highest common divisor of d and c.
2
Suppose -2*x + 2 - 40 = 0. Let w = x - -36. Let u = w + 2. What is the highest common factor of u and 19?
19
Suppose 0 = 86*z - 50*z - 21456. What is the greatest common divisor of z and 12?
4
Suppose 6*p - 38 = -14. Let y be (11 - -4) + (1 - -1). Suppose -23 = -5*a + y. Calculate the greatest common factor of a and p.
4
Let b be 97/(-2)*(-9 + -1). What is the greatest common factor of b and 5?
5
Let r be 6/(-42) + (-338)/(-14). What is the highest common factor of 42 and r?
6
Let u(c) = -2*c**3 - 9*c**2 + 2*c. Suppose 0 = -2*y - 4 - 6. Let w be u(y). Calculate the highest common divisor of 30 and w.
15
Let g = -46 + 50. Let x be g/(-10)*(-58 - -8). What is the highest common factor of 10 and x?
10
Let l be (-16)/2*1/(-2). Let d be 3*-2*(-2)/12*3. Let o be (-4 - -22)*l/d. What is the greatest common factor of o and 36?
12
Let m = 1161 + -667. Calculate the greatest common divisor of m and 133.
19
Let s be (-5)/(((-119)/(-378))/(-17)). Calculate the highest common divisor of 90 and s.
90
Let r be (65 + -64)*(1 + 22). Suppose 2*b = 2, -51 = p - 3*p - 5*b. What is the highest common divisor of r and p?
23
Let m(d) = -1 + d**2 + 0*d**2 + 0*d**2 + 4 - d. Let l be m(2). What is the greatest common divisor of 55 and l?
5
Let d = -1297 - -1542. What is the greatest common divisor of d and 147?
49
Let c(t) = 3692*t**3 - t - 1. Let w be c(-1). Let d be w/(-169) + (-2)/(-13). Calculate the highest common divisor of d and 2.
2
Let r(l) = -5*l + 3. Let h = -8 - -4. Let b be r(h). Suppose 6*f - 2*f - b = -z, 0 = 4*z - 12. Calculate the greatest common divisor of 1 and f.
1
Let h be ((-70)/15)/7*-6. Let l be 2/((2 + -1)/h). What is the highest common factor of l and 72?
8
Suppose -27*i + 18 = -26*i. Let o be (-112)/(-9) + (-8)/i. What is the highest common factor of 96 and o?
12
Suppose -2*b - 4 = -3*b. Let o = 174 + -73. Suppose 5*x - o = -21. What is the greatest common divisor of x and b?
4
Let w(a) = -29*a - 13. Let t be w(-5). Let x be -3 - ((-60)/4 + 0). What is the greatest common factor of t and x?
12
Let z(d) = d**2 + 3*d. Let f be z(5). Suppose -2*o = -68 + 48. Calculate the highest common divisor of f and o.
10
Suppose 5*v + 8 = 3*l, 1 + 15 = 4*l - 4*v. Suppose 0 = -l*g + 7*g - 374. Calculate the highest common divisor of 34 and g.
34
Let k(j) = 2*j**3 - 35*j**2 + 13*j + 30. Let m be k(18). Calculate the highest common divisor of 49 and m.
49
Let k = -232 - -284. Suppose -4*u - 5 = -5*u. Suppose -n - 520 = -u*n. What is the highest common factor of n and k?
26
Let q(h) = -8 - 24*h + 29*h + 4. Let k be q(9). What is the greatest common factor of k and 287?
41
Suppose 3 + 0 = b. Suppose 4*g - b*w = -w + 8, 6 = 4*g - w. Calculate the highest common factor of g and 1.
1
Suppose -3*x + y + 15 = 0, -3*x + y - 6*y = 3. Suppose 4*f + 3*u - 6*u = 280, f + x*u = 70. What is the highest common factor of 10 and f?
10
Let i(j) = j - 18. Let z be i(48). Calculate the greatest common factor of z and 165.
15
Suppose 815 = 28*i - 2377. Calculate the highest common factor of 76 and i.
38
Suppose 5*l - 12 = -2*t, 7 = -5*l + 3*t + 14. Suppose 5*k - 4*v + 6 = 13, 3*k - l*v - 5 = 0. Calculate the greatest common factor of k and 15.
3
Let o be -3*((-805)/21 + -7). Calculate the highest common factor of 204 and o.
68
Let t be -37*(0 - (-1 - 0)). Suppose 105 = -5*o + 5*f, -2*o - 36 = -3*f - 2*f. Let c = o - t. What is the greatest common divisor of 28 and c?
14
Let d = 18 - 4. Let x = d - 4. Suppose -3*g + 6 + 204 = 0. Calculate the greatest common factor of x and g.
10
Let f(g) = 3*g**2 - 2*g + 1. Let i be f(1). Suppose 57*b = 66*b - 45. Suppose -b*r + 3 + i = 0. Calculate the highest common factor of r and 1.
1
Let d be (1106/(-21) + 2)/((-10)/15). Calculate the highest common factor of d and 114.
38
Suppose t = -4*o + 4*t + 72, -2*o = 4*t - 14. Let k = -107 + 452. What is the greatest common divisor of k and o?
15
Suppose -4*x + 221 - 21 = 0. What is the highest common factor of 5 and x?
5
Suppose 5*t - 21 = -11. Let v = 43 - 35. Calculate the greatest common factor of t and v.
2
Suppose -4*b + 23 = 3. Suppose 2*o = 7*o + 210. Let l be (-12)/o - (-36)/21. Calculate the greatest common factor of b and l.
1
Let h(n) = n**3 - 3*n**2 + 2*n + 12. Let x be h(6). What is the highest common divisor of x and 176?
44
Let q be 4*7/(-2) - -1. Let u = q - -30. Let s(d) = d**3 + 11*d**2 - 7*d - 17. Let z be s(-10). Calculate the greatest common factor of u and z.
17
Suppose 2*i - 58 = -z, 2*z - 5*z = -4*i + 106. Suppose 2*d + i = s - 0*d, 5*s - 96 = -d. Calculate the greatest common divisor of 80 